
What is the units digit of 2467209?
9
What is the tens digit of 43387933?
3
What is the ten thousands digit of 1376120?
7
What is the hundreds digit of 261213?
2
What is the millions digit of 8581225?
8
What is the hundred thousands digit of 190999?
1
What is the ten thousands digit of 186449?
8
What is the millions digit of 1389415?
1
What is the ten thousands digit of 36487538?
8
What is the thousands digit of 786416?
6
What is the units digit of 78842?
2
What is the units digit of 2441185?
5
What is the hundreds digit of 773862?
8
What is the millions digit of 16424507?
6
What is the tens digit of 111422?
2
What is the ten millions digit of 28167381?
2
What is the thousands digit of 55444?
5
What is the millions digit of 6257352?
6
What is the ten thousands digit of 582001?
8
What is the hundred thousands digit of 443397?
4
What is the units digit of 269314?
4
What is the units digit of 330616?
6
What is the thousands digit of 6899992?
9
What is the millions digit of 3307157?
3
What is the thousands digit of 164387?
4
What is the hundreds digit of 582066?
0
What is the ten thousands digit of 236144?
3
What is the millions digit of 11127867?
1
What is the ten thousands digit of 162699?
6
What is the units digit of 33609?
9
What is the thousands digit of 129230?
9
What is the units digit of 1878225?
5
What is the hundreds digit of 282509?
5
What is the hundred thousands digit of 252756?
2
What is the ten thousands digit of 10356124?
5
What is the tens digit of 1381859?
5
What is the thousands digit of 3011188?
1
What is the millions digit of 1356570?
1
What is the hundreds digit of 1830970?
9
What is the thousands digit of 8171630?
1
What is the hundred thousands digit of 4292821?
2
What is the units digit of 21438705?
5
What is the thousands digit of 8706258?
6
What is the hundreds digit of 14717398?
3
What is the thousands digit of 253850?
3
What is the hundreds digit of 10633406?
4
What is the ten thousands digit of 630648?
3
What is the hundred thousands digit of 666937?
6
What is the hundreds digit of 4025840?
8
What is the hundred thousands digit of 11980869?
9
What is the millions digit of 9472901?
9
What is the units digit of 397032?
2
What is the ten thousands digit of 4046954?
4
What is the thousands digit of 135776?
5
What is the hundreds digit of 351693?
6
What is the thousands digit of 226155?
6
What is the hundred thousands digit of 128292?
1
What is the ten thousands digit of 59447?
5
What is the thousands digit of 20903750?
3
What is the thousands digit of 7822635?
2
What is the hundred thousands digit of 294943?
2
What is the hundred thousands digit of 495644?
4
What is the units digit of 246321?
1
What is the units digit of 194811?
1
What is the millions digit of 3030647?
3
What is the thousands digit of 12468668?
8
What is the ten thousands digit of 838488?
3
What is the units digit of 618277?
7
What is the units digit of 221637?
7
What is the hundred thousands digit of 334834?
3
What is the tens digit of 390688?
8
What is the ten thousands digit of 249902?
4
What is the tens digit of 2804073?
7
What is the hundreds digit of 2009578?
5
What is the tens digit of 26815035?
3
What is the ten thousands digit of 581890?
8
What is the ten thousands digit of 1763900?
6
What is the thousands digit of 553753?
3
What is the units digit of 1511539?
9
What is the thousands digit of 349172?
9
What is the thousands digit of 1841160?
1
What is the thousands digit of 552251?
2
What is the hundred thousands digit of 4467974?
4
What is the units digit of 3859288?
8
What is the units digit of 87245?
5
What is the hundreds digit of 7547?
5
What is the millions digit of 34280056?
4
What is the millions digit of 1434691?
1
What is the ten thousands digit of 254582?
5
What is the millions digit of 3483996?
3
What is the ten thousands digit of 5729741?
2
What is the thousands digit of 147329?
7
What is the tens digit of 4870109?
0
What is the tens digit of 306537?
3
What is the ten thousands digit of 3322378?
2
What is the tens digit of 712055?
5
What is the thousands digit of 101250?
1
What is the units digit of 21843?
3
What is the hundreds digit of 248594?
5
What is the millions digit of 1255101?
1
What is the tens digit of 39548109?
0
What is the hundreds digit of 381902?
9
What is the tens digit of 907627?
2
What is the ten thousands digit of 203470?
0
What is the hundreds digit of 4179940?
9
What is the ten thousands digit of 1365866?
6
What is the ten thousands digit of 2727916?
2
What is the tens digit of 32414274?
7
What is the hundreds digit of 4659187?
1
What is the thousands digit of 39206548?
6
What is the units digit of 7963655?
5
What is the hundred thousands digit of 1814122?
8
What is the ten thousands digit of 3547179?
4
What is the hundreds digit of 199937?
9
What is the hundreds digit of 3175586?
5
What is the units digit of 2107085?
5
What is the ten thousands digit of 371234?
7
What is the units digit of 89335?
5
What is the units digit of 2612409?
9
What is the hundred thousands digit of 412849?
4
What is the tens digit of 21163199?
9
What is the units digit of 24308836?
6
What is the tens digit of 54554?
5
What is the units digit of 5902799?
9
What is the hundred thousands digit of 576882?
5
What is the ten thousands digit of 6695515?
9
What is the millions digit of 16630288?
6
What is the tens digit of 2318386?
8
What is the ten thousands digit of 11215856?
1
What is the thousands digit of 410616?
0
What is the millions digit of 4156763?
4
What is the tens digit of 166550?
5
What is the hundreds digit of 111816?
8
What is the hundreds digit of 52306?
3
What is the thousands digit of 1030489?
0
What is the hundred thousands digit of 751805?
7
What is the thousands digit of 5942696?
2
What is the tens digit of 959339?
3
What is the ten thousands digit of 7806936?
0
What is the hundreds digit of 1335433?
4
What is the hundreds digit of 14370777?
7
What is the units digit of 522588?
8
What is the tens digit of 4883244?
4
What is the millions digit of 16455438?
6
What is the thousands digit of 251052?
1
What is the ten thousands digit of 11799283?
9
What is the tens digit of 74378?
7
What is the hundred thousands digit of 1777836?
7
What is the hundreds digit of 25492451?
4
What is the thousands digit of 60673?
0
What is the tens digit of 2274717?
1
What is the thousands digit of 648018?
8
What is the units digit of 6328716?
6
What is the hundred thousands digit of 341068?
3
What is the tens digit of 120920?
2
What is the hundreds digit of 982830?
8
What is the ten thousands digit of 117545?
1
What is the ten millions digit of 14520855?
1
What is the thousands digit of 1408141?
8
What is the hundreds digit of 84089?
0
What is the hundred thousands digit of 5782034?
7
What is the hundreds digit of 325737?
7
What is the thousands digit of 13885?
3
What is the units digit of 85864?
4
What is the hundred thousands digit of 531395?
5
What is the tens digit of 1299971?
7
What is the thousands digit of 138229?
8
What is the units digit of 146181?
1
What is the hundred thousands digit of 11835322?
8
What is the hundred thousands digit of 617613?
6
What is the millions digit of 5875031?
5
What is the thousands digit of 876203?
6
What is the ten millions digit of 23405207?
2
What is the millions digit of 11788772?
1
What is the ten thousands digit of 6096855?
9
What is the units digit of 11944458?
8
What is the millions digit of 1680096?
1
What is the ten thousands digit of 3594997?
9
What is the tens digit of 327842?
4
What is the units digit of 827730?
0
What is the ten thousands digit of 1093944?
9
What is the units digit of 509103?
3
What is the hundred thousands digit of 38995634?
9
What is the thousands digit of 165589?
5
What is the ten thousands digit of 20939050?
3
What is the ten thousands digit of 8746131?
4
What is the ten thousands digit of 215681?
1
What is the tens digit of 1257824?
2
What is the millions digit of 9098943?
9
What is the hundreds digit of 999334?
3
What is the hundreds digit of 2495763?
7
What is the hundred thousands digit of 483823?
4
What is the thousands digit of 955709?
5
What is the hundreds digit of 168980?
9
What is the ten thousands digit of 4740785?
4
What is the tens digit of 1821435?
3
Wha